{"id":158,"date":"2013-07-12T12:20:37","date_gmt":"2013-07-12T10:20:37","guid":{"rendered":"http:\/\/www.tvwas.de\/wordpress\/?page_id=158"},"modified":"2018-02-19T14:37:18","modified_gmt":"2018-02-19T12:37:18","slug":"segelrevier","status":"publish","type":"page","link":"https:\/\/www.tvwas.de\/?page_id=158","title":{"rendered":"Segelrevier"},"content":{"rendered":"<p><a href=\"https:\/\/www.tvwas.de\/wordpress\/wp-content\/uploads\/2013\/07\/Luftbild_Hardtsee.jpg\"><img loading=\"lazy\" decoding=\"async\" class=\"alignnone size-full wp-image-166\" alt=\"Luftbild Hardtsee\" src=\"https:\/\/www.tvwas.de\/wordpress\/wp-content\/uploads\/2013\/07\/Luftbild_Hardtsee.jpg\" width=\"478\" height=\"318\" srcset=\"https:\/\/www.tvwas.de\/wordpress\/wp-content\/uploads\/2013\/07\/Luftbild_Hardtsee.jpg 478w, https:\/\/www.tvwas.de\/wordpress\/wp-content\/uploads\/2013\/07\/Luftbild_Hardtsee-300x199.jpg 300w\" sizes=\"auto, (max-width: 478px) 100vw, 478px\" \/><\/a><\/p>\n<p>Bildquelle: http:\/\/www.ubstadt-weiher.de<\/p>\n<p><iframe loading=\"lazy\" src=\"https:\/\/www.google.de\/maps?ie=UTF8&amp;ll=49.167535,8.613238&amp;spn=0.023234,0.055747&amp;t=h&amp;z=15&amp;output=embed\" height=\"350\" width=\"425\" frameborder=\"0\" marginwidth=\"0\" marginheight=\"0\" scrolling=\"no\"><\/iframe><br \/>\n<small><a style=\"color: #0000ff; text-align: left;\" href=\"https:\/\/www.google.de\/maps?ie=UTF8&amp;ll=49.167535,8.613238&amp;spn=0.023234,0.055747&amp;t=h&amp;z=15&amp;source=embed\">Gr\u00f6\u00dfere Kartenansicht<\/a><\/small><\/p>\n<p><iframe loading=\"lazy\" src=\"https:\/\/www.google.de\/maps?ie=UTF8&amp;ll=49.169931,8.60877&amp;spn=0.002904,0.006968&amp;t=h&amp;z=18&amp;output=embed\" height=\"350\" width=\"425\" frameborder=\"0\" marginwidth=\"0\" marginheight=\"0\" scrolling=\"no\"><\/iframe><br \/>\n<small><a style=\"color: #0000ff; text-align: left;\" href=\"https:\/\/www.google.de\/maps?ie=UTF8&amp;ll=49.169931,8.60877&amp;spn=0.002904,0.006968&amp;t=h&amp;z=18&amp;source=embed\">Gr\u00f6\u00dfere Kartenansicht<\/a><\/small><\/p>\n","protected":false},"excerpt":{"rendered":"<p>Bildquelle: http:\/\/www.ubstadt-weiher.de Gr\u00f6\u00dfere Kartenansicht Gr\u00f6\u00dfere Kartenansicht<\/p>\n","protected":false},"author":1,"featured_media":0,"parent":23,"menu_order":0,"comment_status":"closed","ping_status":"closed","template":"","meta":{"footnotes":""},"class_list":["post-158","page","type-page","status-publish","hentry"],"_links":{"self":[{"href":"https:\/\/www.tvwas.de\/index.php?rest_route=\/wp\/v2\/pages\/158","targetHints":{"allow":["GET"]}}],"collection":[{"href":"https:\/\/www.tvwas.de\/index.php?rest_route=\/wp\/v2\/pages"}],"about":[{"href":"https:\/\/www.tvwas.de\/index.php?rest_route=\/wp\/v2\/types\/page"}],"author":[{"embeddable":true,"href":"https:\/\/www.tvwas.de\/index.php?rest_route=\/wp\/v2\/users\/1"}],"replies":[{"embeddable":true,"href":"https:\/\/www.tvwas.de\/index.php?rest_route=%2Fwp%2Fv2%2Fcomments&post=158"}],"version-history":[{"count":11,"href":"https:\/\/www.tvwas.de\/index.php?rest_route=\/wp\/v2\/pages\/158\/revisions"}],"predecessor-version":[{"id":949,"href":"https:\/\/www.tvwas.de\/index.php?rest_route=\/wp\/v2\/pages\/158\/revisions\/949"}],"up":[{"embeddable":true,"href":"https:\/\/www.tvwas.de\/index.php?rest_route=\/wp\/v2\/pages\/23"}],"wp:attachment":[{"href":"https:\/\/www.tvwas.de\/index.php?rest_route=%2Fwp%2Fv2%2Fmedia&parent=158"}],"curies":[{"name":"wp","href":"https:\/\/api.w.org\/{rel}","templated":true}]}}